 y(j) = 4*j + 148. Let g be y(0). Suppose -4*l = -0*l - g. What are the prime factors of l?
37
Let j = 410 + 64. List the prime factors of j.
2, 3, 79
Suppose 8*q + 7020 = 28*q. List the prime factors of q.
3, 13
Suppose 0 = -2*v + 395 + 315. Suppose -v + 25 = -6*f. What are the prime factors of f?
5, 11
Let z = -2 - -2. Suppose 30 = l - z*l. List the prime factors of l.
2, 3, 5
Let g = 4349 + 30. What are the prime factors of g?
29, 151
Let o(x) = 9*x**2 + x - 3. Suppose 7*w - 12 = 3*w. Let t be o(w). Suppose 2*r = -5*z + t, -23 = -z - 2*r + 5*r. What are the prime factors of z?
17
Let z(f) be the second derivative of -f**3/3 + 19*f**2/2 - 9*f. Let t = -23 - -15. What are the prime factors of z(t)?
5, 7
List the prime factors of (-3 + -2 - (-17 + 9)) + 558.
3, 11, 17
Let v be 66/(-12)*2*(0 - 1). Suppose v*k - 263 = 10*k. List the prime factors of k.
263
Suppose -3*c - 2*f = -0*f + 36, 2*c + f = -23. Let h(v) = v**2 + 9*v - 10. Let p be h(c). List the prime factors of 171*((-2)/(-6) - p).
3, 19
Let j be (6 - 11)*(-2)/2. Suppose -3*m + 119 = 4*v, -j*v = -2*m - 0*v + 110. List the prime factors of m.
3, 5
Suppose 5 + 1 = 3*b. Suppose 5*w + 8 = 4*y, b*w - 3*w = -3*y + 6. Suppose -v + 1 = 0, 5*l - y*v = -0*v + 108. What are the prime factors of l?
2, 11
Let t = -771 - -1224. What are the prime factors of t?
3, 151
Let h(i) = i + 9. Let a be h(-4). Suppose 4*q = a*x - 54, -2*q + 3*x - 50 = 2*q. Let y(l) = l**3 + 10*l**2 - 12*l + 11. What are the prime factors of y(q)?
2, 11
Let k be 10/(1/((-8)/(-4))). Let i = -14 + k. What are the prime factors of i?
2, 3
Let a(w) = -w**3 - 9*w**2 - 9*w - 24. Let j be a(-10). Let c = 233 - j. What are the prime factors of c?
67
Let t(q) = -2*q**2 + 11*q - 8. Let h be t(4). What are the prime factors of (16 - 10)*h/6?
2
Let j(z) = -92*z - 362. List the prime factors of j(-18).
2, 647
Let k = 1350 + -688. Suppose -2012 + k = -6*s. List the prime factors of s.
3, 5
Let m(v) = -7*v + 10. Let u be m(-8). Let s = 121 - u. What are the prime factors of s?
5, 11
Let y(x) be the second derivative of 7*x**3/6 + 27*x**2/2 - 11*x. What are the prime factors of y(6)?
3, 23
Let z = -168 - -252. Suppose 0 = 4*j - j - z. List the prime factors of j.
2, 7
Let m = -23 - -30. Let p(g) = -g**3 + 10*g**2 - 7*g + 8. What are the prime factors of p(m)?
2, 53
Let y = -440 + 414. Let f(m) = -3*m**2 + 5*m. Let c be f(5). Let g = y - c. What are the prime factors of g?
2, 3
Suppose -25*x + 39809 = 22*x. What are the prime factors of x?
7, 11
Let y(q) = q - 1. Let b(f) = f. Let h(r) = 2*b(r) + 2*y(r). Let k = -29 - -32. List the prime factors of h(k).
2, 5
Let p(d) = -65*d**3 - d - 1. Let q be p(-1). Let n be (3 + q)/1 - -1. Let r = -35 + n. List the prime factors of r.
2, 17
Let o be -4 + 24 + 3 + 1. Suppose 0 = 6*k - 12*k - o. List the prime factors of 0/k + (1 - -24).
5
Suppose 0 = -4*w + 57 + 27. Let t = -11 + w. What are the prime factors of t?
2, 5
Suppose n - 10 - 15 = 3*a, 2*a = -n. Let c(s) = 23*s - 57. List the prime factors of c(n).
173
What are the prime factors of (33/66)/((-2)/(-272))?
2, 17
Let j(b) be the first derivative of 4*b**3/3 - b + 25. List the prime factors of j(1).
3
Suppose 4*w = z - 3*z + 10, 4 = -2*w - 4*z. Let j be (6/w)/((-6)/(-8)). Suppose j*x - 7*x + 150 = 0. What are the prime factors of x?
2, 3, 5
Suppose -2*i - 5*m + 3570 = 3*i, -3*m = -i + 718. List the prime factors of i.
5, 11, 13
Let v(a) = -a**3 - 12*a**2 - 7*a - 17. Let m be v(-12). Suppose -4*k + 77 = -m. List the prime factors of k.
2, 3
Suppose 4 = 4*r - 0*r + 2*b, -3*b = 4*r. Suppose -4*y + 5*g + 151 = 0, -r*g = 5*y + g - 240. List the prime factors of y.
2, 11
Suppose 2*d - 9 + 5 = 0. Suppose 2*n = d, 11*n - 6*n = i - 126. List the prime factors of i.
131
Let o(v) = -11*v**3 - 4*v**2 + 11*v + 12. List the prime factors of o(-5).
2, 7, 11
Let j(u) = -u + 3. Let y be j(3). Suppose y = 7*w - 3*w + 8. What are the prime factors of (6/(-12))/(w/32)?
2
Let f be 87/(-18) + 5/(-30). Let p(s) = -2*s**3 - 8*s**2 - 3*s + 2. List the prime factors of p(f).
67
Let q(t) = t**2 - 8*t - 11. Let k be q(10). Suppose 5*y - 84 - 15 = -2*u, y - k = 5*u. List the prime factors of y.
19
Let c = 257 + -181. Let a = c + -45. List the prime factors of a.
31
Let b(m) = 45*m**3 - 2*m**2 + m - 1. List the prime factors of b(2).
353
Let f = -24 + 24. Suppose -3*a + a + 52 = f. List the prime factors of a.
2, 13
Let j(a) = -2*a**3 - 4*a**2 + 17*a + 2. What are the prime factors of j(-6)?
2, 47
Suppose 42*v + 4908 = 54*v. List the prime factors of v.
409
Suppose 5652 = 4*b - 5*s + s, 0 = 5*b + s - 7083. What are the prime factors of b?
2, 3, 59
Suppose -134*h + 129*h = -5345. List the prime factors of h.
1069
Let v be -26*2/(16/36). Let n = v + 197. Suppose 3*b - 2*z - n = 0, -155 = -5*b + 4*z - 5*z. List the prime factors of b.
2, 3, 5
Let n(a) = 1484*a - 238. What are the prime factors of n(2)?
2, 3, 5, 7, 13
Let o(u) = 22*u**2 - 18*u + 44. What are the prime factors of o(11)?
2, 3, 11, 19
Suppose q + 5*i + 2 = 0, 0 = 4*q + 2*i - 6 - 4. Suppose 2 = -4*o + q*x, -2*o - x - 8 = x. Let g = 8 - o. What are the prime factors of g?
2, 5
Suppose -17 = -l - 14. What are the prime factors of l*-87*(4 + 14/(-3))?
2, 3, 29
Let q(r) = 3*r + 14. Let n be q(-4). Suppose -3070 = n*y - 12*y. List the prime factors of y.
307
Let n = 3687 + -2155. List the prime factors of n.
2, 383
Let w(l) = l**3 + 14*l**2 - 11*l + 18. Let z be w(-15). List the prime factors of (-4)/42*-6 + (-4050)/z.
97
Suppose 2*t - 14 = -5*u, -u - 3*t = 2*u - 12. Suppose -u*d - v - 2*v = -147, 5*v = -d + 84. Let g = d + -16. What are the prime factors of g?
53
Let y = -1997 + 5146. What are the prime factors of y?
47, 67
Let m(d) = -2*d**2 + 5*d + 7. Let a be m(5). What are the prime factors of (1 - (-172)/(-12))*a/4?
2, 3, 5
Let a be -2 + (-2 + 0)*-2. Suppose a*m - 6*m = -312. What are the prime factors of m?
2, 3, 13
Let z = -117 + 560. List the prime factors of z.
443
Suppose p - 69 + 4 = 0. Let i = 76 + 34. Let z = i - p. List the prime factors of z.
3, 5
Suppose -17*c + 16545 + 48820 = 0. List the prime factors of c.
5, 769
Let c(k) = 10*k. Let q(g) = g. Let o(m) = 2*c(m) - 10*q(m). List the prime factors of o(8).
2, 5
Suppose -x + 3*x + 14 = 0. Let c(l) = -l**3 - 5*l**2 - 2*l - 10. What are the prime factors of c(x)?
2, 3, 17
Suppose -3*j + 8*j - 3200 = 0. Let h be (1/(-2))/(10/j). List the prime factors of (-1884)/h - 3/(-24).
59
Suppose -8*y - 10 = 2*y. Let t(d) = -47*d**3 + 3*d + 2. What are the prime factors of t(y)?
2, 23
Suppose -13*m = -152 - 342. Let z = m + 121. What are the prime factors of z?
3, 53
Suppose 5605 + 641 = 18*f. What are the prime factors of f?
347
Let z be (-6)/(-10) + 7/5. Let i = 8 + z. What are the prime factors of (-210)/6*(-4)/i?
2, 7
Suppose -4*n + 3923 = 2*l - 6309, -2*n + 5122 = 4*l. List the prime factors of n.
2557
Suppose 0 = l - 2*l - 9. Let i(x) = x**2 + 4*x - 13. Let m be i(l). Let g = m + -15. What are the prime factors of g?
17
Suppose 0 = -5*w + 11*w - 1434. List the prime factors of w.
239
Let k(h) = -h**3 + 7*h**2 - 2*h + 6. Let f be k(7). Let y be 4 - 88 - f/2. Let d = y - -115. List the prime factors of d.
5, 7
Let t be 3/(-8) + (-4265)/40. Let b = t - -212. List the prime factors of b.
3, 5, 7
Let u(t) = -t**3 + t**2 - t - 1. Let q be u(-1). Let b(s) = s**2 + 6 + 0*s**2 + 0*s**q + s. List the prime factors of b(-5).
2, 13
Let h(o) = -11*o - 11. Let m(n) = -21*n - 21. Let f(y) = 5*h(y) - 3*m(y). List the prime factors of f(9).
2, 5
Let h(y) = y**3 - 7*y**2 + 6*y - 12. Let r be h(6). What are the prime factors of (-357)/(-6)*r/(-7)?
2, 3, 17
Suppose -m - 3 = -3. Suppose -2*r + 8*r - 414 = m. List the prime factors of r.
3, 23
Let k(q) = q**3 + 6*q**2 + 4*q - 5. Let w be k(-5). Suppose w + 40 = -5*c. List the prime factors of 1 - (9/(-3) + c).
2, 3
Suppose -22 = p - 2*o, -3*p + 6 = -o + 47. List the prime factors of (-3)/p*(-776)/(-2).
97
List the prime factors of 371 + 7/(14/8).
3, 5
Let i(b) be the first derivative of -b**4/4 - 10*b**3/3 + 11*b**2 - b + 1. List the prime factors of i(-12).
23
Let f(q) = 6*q**2 - 3*q + 2. Let b be f(-3). Let o = b - 32. What are the prime factors of o?
3, 11
Suppose 4*h - 2 = -3*u - 14, -5*u = -h + 20. Let i = h - -20. Suppose -10 = 